4, 5*m - b*o = 5. Let r(j) = -7 + 1 - m + 2*j. What is r(5)?
3
Let j(f) be the second derivative of -f**5/20 + 5*f**4/6 + f**2/2 - 2*f - 145. Give j(10).
1
Let m be 1 - 0 - 1*9. Let i = -6 - m. Let f(h) = 2*h + 3. Let t(u) = -4*u - 7. Let p(g) = -9*f(g) - 4*t(g). What is p(i)?
-3
Let w(q) be the first derivative of -q**4/4 - 4*q**3/3 - q**2 - 3*q - 29. Let z be (3/6)/(2/(-12)). What is w(z)?
-6
Let n = -10 + 7. Let m(p) = -p. Let l be m(n). Let d(c) = 14*c - 3 - 7*c + 2*c**2 - l*c**2. Determine d(3).
9
Let k(j) = 11*j**3 + 2*j**2 - j - 2. Suppose 5*d - 111 = -5*x - 96, x = 3*d - 13. Give k(x).
-10
Let m(u) be the second derivative of u**5/20 - u**4/4 - u**3/6 - u**2 - 305*u. Determine m(3).
-5
Let v(n) = -n**2 + 6*n + 1. Suppose d = -5*k + 33, 0 = 2*d + 2*k - 18 - 8. Let w = d - 2. Give v(w).
1
Let z(b) = 8*b - 13*b + 6 - b**2 + 9*b. Let s be z(5). Let d(a) = -9*a**2 - a + 1. Determine d(s).
-9
Suppose 11 = 2*g + 3*t, -3*g + 19*t = 17*t - 49. Let s(r) = r - 10. Determine s(g).
3
Suppose -3*j + 35*j = -128. Let a(o) = -5*o - 12. Calculate a(j).
8
Let w(b) = b**2 + 8*b - 2. Suppose -5*h - 15 = 7*n - 2*n, n = 3*h + 29. Calculate w(h).
-2
Let v be ((-2)/(-6))/(25/75). Suppose 2*c = -j + v, 2*c + 11 = -4*j + 3. Let f(x) = -2*x**2 + x + 4. Calculate f(j).
-17
Let h(o) = o**2 - 5*o**2 + 7*o + 4*o**3 - 2*o + 5. Let y(m) = 4*m**3 - 12*m**2 + 9*m**2 + 0*m**3 + 6 + 4*m - 2. Let z(t) = 3*h(t) - 4*y(t). Give z(-1).
4
Let z(a) be the third derivative of -a**5/60 - 5*a**4/24 + a**3/2 + 9*a**2. Let m(x) = -2*x - 1. Let u be m(-3). Suppose u*n + 21 = 1. Determine z(n).
7
Let a(l) = l**3 - 9*l**2 - 10*l + 2. Let m be a(10). Let w = 2 - -1. Let h(q) = -3*q**2 - 2*q - 5 + w + 5*q**2 - q**3. Give h(m).
-6
Let f(t) = -5*t + 3. Let n(v) = -14*v + 7. Let z(h) = -11*f(h) + 4*n(h). Calculate z(-4).
-1
Let p(m) = 7*m**3 + m**2 - m - 3. Let s(z) = 20*z**3 + 2*z**2 - 3*z - 8. Suppose t = 0, -5*t + 10*t = -2*b - 12. Let y(v) = b*s(v) + 17*p(v). Calculate y(4).
17
Let k(x) = -4*x - 2. Let q(n) = 8*n - 25. Let m(g) = -g + 1. Let l(c) = -5*m(c) - q(c). Let b be l(6). Give k(b).
-10
Let j be (1*-1)/((-16)/48). Let g(l) = l**2 + 3*l + 4. Let a(b) = -b - 1. Let f(r) = j*a(r) + g(r). Suppose -1 + 9 = 4*k. Give f(k).
5
Let b(j) = j**2 - 11*j + 21. Let t be b(9). Let p(f) = -251*f - t + 129*f + 123*f. Calculate p(5).
2
Let u(g) be the second derivative of -g**3/3 + g**2 + 4*g. Let n be u(0). Let r = n - -3. Let v(f) = -2*f + 6. Determine v(r).
-4
Let a = -1 - -4. Let b(k) be the second derivative of k**3/6 - 3*k**2/2 + 723*k. Calculate b(a).
0
Let g(j) be the third derivative of 0 - 1/3*j**3 - 1/10*j**5 - 1/120*j**6 + 7/24*j**4 + 0*j + 6*j**2. Let p be 1*7*(-2 - -1). Determine g(p).
-2
Suppose 3*l - 9 = 3. Suppose -8 = -l*r - r + q, 4*q + 2 = 5*r. Let h(c) be the first derivative of c**2/2 + 2*c - 1. What is h(r)?
4
Let c(t) be the first derivative of t**3/3 + 13*t**2/2 - 20*t + 287. Determine c(-14).
-6
Let s(a) = 11 - 4 + 0*a - 5 + 2*a + 1. What is s(-3)?
-3
Let i(g) be the second derivative of -g**3/6 - 3*g**2 + 2*g - 10. Suppose 12 = -a - a. Determine i(a).
0
Let z(a) be the first derivative of a**3/3 - 2*a**2 - 359. Let u(w) = 1 + w - 2*w + 2*w. Let c be u(3). Give z(c).
0
Let w(q) be the third derivative of 0*q + 0 + 1/4*q**4 - 1/2*q**3 - 3*q**2 - 1/30*q**5. Give w(4).
-11
Suppose 3*k - 4*d = -3*d - 9, -4*k + 4*d = 20. Let a(o) = 5*o**2 - 3*o - 1. Determine a(k).
25
Let l(i) = 6*i + 11*i - 1 + 7*i - 11*i. What is l(-5)?
-66
Let b(m) be the first derivative of -5*m**4/4 + m**3/3 - m - 1. Let v = -30 - -39. Suppose -3*d + 7*d = -5*c + v, 4*c - 6 = -2*d. Give b(d).
-5
Let j be 13 - 5/(-5) - (-56)/(-8). Let g(n) = 11*n - 8 + 2*n**2 + 0*n**2 - 2*n**2 - n**2. Calculate g(j).
20
Suppose 0 = 6*i - 10*i + 8. Let a be (2 + 28/(-10))*5. Let p(m) = 5*m - 2. Let q(l) = -4*l + 2. Let y(j) = a*q(j) - 3*p(j). Give y(i).
0
Let q(c) = c**2 + 4*c - 11. Let j(x) = -x**2 - 3*x + 5. Let k(n) = 4*j(n) + 3*q(n). Determine k(0).
-13
Let r(h) = -h**3 + 7*h**2 - 7. Suppose -293*n + 285*n = -48. What is r(n)?
29
Let s(n) = -n**3 - 6*n**2 - n - 2. Let t be (((-3)/9)/1)/((-12)/(-216)). Give s(t).
4
Let i(m) be the first derivative of m**4/6 + m**3/3 - m**2/2 - m - 2. Let r(k) be the first derivative of i(k). Let c = -12 - -10. Determine r(c).
3
Let t(s) = -s**3 + 5*s**2 + 6*s + 6. Let u(m) = m**2 - 17*m + 6. Let f be u(17). Let r be t(f). Let p(a) = -a**2 + 7*a + 7. Give p(r).
13
Let m(w) be the second derivative of w**3/6 - w**2/2 - 39*w. Let f be (4/(-24))/(0 - (-4)/(-24)). Calculate m(f).
0
Suppose -5*u + 29 = -z, 3*u = -3*z - 1 + 4. Let t be z/2 - (0 + -4). Let o(a) = 3*a**3 - 3*a**t + 4*a**3 - 8*a**3. Give o(-2).
-4
Let h(c) = -c**2 + 7*c - 9. Let t = -25 - -29. Let g be h(t). Let j(u) = -u**2 - 3*u**2 + u**3 - 3 + 2*u + 2*u. Calculate j(g).
0
Let a(s) be the second derivative of -s**4/12 + s**3/6 - s**2/2 - 12*s. Let d(m) = -5*m**2 + 8*m - 5. Let t(p) = 6*a(p) - d(p). What is t(-4)?
-9
Let k(n) = 4*n + 3 - 4*n**2 + 3*n**2 - 6 + 5. What is k(5)?
-3
Let r(t) = t + 1. Suppose 0 = 3*l + 2*c + 19, 3*l + 3*c + 5 = 8*c. Let h(v) = -v. Let m be h(l). Suppose m*j - 5 = -15. Determine r(j).
-1
Let m(i) = 4*i - 6 + 50 + 4*i + 7*i - 12*i. What is m(-20)?
-16
Let m(t) be the first derivative of -t**3/3 + 7*t**2/2 - 7*t - 288. Give m(5).
3
Let o(n) = -1. Let w(s) = 6*s - 2. Let i(u) = 4*o(u) - w(u). Let c be (-5 + 2)*(0 - -1). Give i(c).
16
Let v(i) = -i - 16. Suppose -271 = 35*j + 44. Determine v(j).
-7
Let t(u) = u**3 + 37*u**2 + 102*u + 2. Let v be t(-34). Let x(h) = 6*h - 1 + 3 - 5. What is x(v)?
9
Let l(d) = 8*d - 9. Let o be l(7). Let b(p) = -24 - 21 + o + p. Determine b(-2).
0
Let j(t) be the first derivative of -2*t**3/3 + 3*t**2/2 + t + 13. Determine j(-3).
-26
Let a(p) = -3*p**3 - 21*p**2 - 5*p + 6. Let s(k) = 2*k**3 + 10*k**2 + 3*k - 3. Let o(b) = 3*a(b) + 5*s(b). Give o(13).
3
Let b(d) = 3*d - 1 + 6 - 1. Let r(n) = 8*n - 21. Let l be r(2). Give b(l).
-11
Let f(j) = j**2 + 4*j - 2*j - 9*j + 12 + 15*j. Calculate f(-8).
12
Let c(v) = v**2 + 9*v + 3. Suppose -5*u = -2*u - 117. Let q = 27 + 3. Let x = q - u. What is c(x)?
3
Let y(g) = 2*g**2 - 3*g - 2. Let l be ((-3)/(-3))/(-1) + 3. Suppose -v = -l*v - 8. Let p(s) = -5*s**2 + 9*s + 5. Let k(j) = v*y(j) - 3*p(j). What is k(-3)?
1
Let x(i) = -3*i + 2*i**2 - 3 + 1 - 4*i + 8*i. Let d(a) = a**2 + a + 2. Let g be d(0). Determine x(g).
8
Let g(j) = j**3 + 7*j**2 + 7*j - 3. Let b(s) be the third derivative of -5*s**4/24 - s**3 - 37*s**2. Let m be b(0). Calculate g(m).
-9
Let o(z) = -z**3 - z**2 - 1. Let f(y) = 6*y**3 + 6*y**2 - y + 3. Let l be 1 + 0/1 + -2. Let i(h) = l*f(h) - 5*o(h). Suppose 0 = 4*u - 164 + 156. Determine i(u).
-8
Let m(f) = -26*f**3 + 25*f**3 - f**2 + 15 - 16 + 3*f. Let z be 32/20 + (-4)/(-10). Give m(z).
-7
Let i(l) = -2*l + 14. Let d(m) = -7*m**3 + 2*m**2 + 5*m + 4. Let f be d(-1). What is i(f)?
-2
Let v be 25/(-15)*(2 + 0 + -5). Let t(c) = -3 + 4*c - 316*c**3 + c + 5*c**2 + 315*c**3. What is t(v)?
22
Suppose -4*q = -4*b - 32, 0 = b - 5*q + 15 + 5. Let m(r) be the third derivative of -1/60*r**5 - 2*r**2 - 5/6*r**3 - 5/24*r**4 + 0 + 0*r. What is m(b)?
-5
Let t(d) = d**2 + 4*d - 15. Let x be t(-7). Let z(f) = 2*f**3 + 8*f**2 + 8*f + 7. Let a(l) = l**3 + l**2 + l. Let i(n) = 3*a(n) - z(n). Determine i(x).
-1
Suppose 0 = -4*d - 20, 4 = 4*g + 2*d + 26. Let l(j) = 5*j - 5*j**2 - 2*j**3 + j**3 + 3*j**2 + 3. Give l(g).
-3
Let y(r) = -5*r + 14. Let v be 120/36*(-6)/(-5). Give y(v).
-6
Let u(c) = -3*c**2 + 2*c + 2. Let j be 2/(-9) - (14 - (-1314)/(-81)). What is u(j)?
-6
Let g be (165/(-44))/((-3)/8). Let d(c) = 2*c - 21. What is d(g)?
-1
Suppose m + 4 = 8. Let t(g) = g**3 - 3 + 10*g - 6*g**2 - 4*g + m. Let w(a) = 15*a - 175. Let p be w(12). Calculate t(p).
6
Let f = 1 + -11. Let b(d) = -d + 37 - 71 + 29. Calculate b(f).
5
Let z = -8 - -11. Let c(q) = -8*q + z + 3*q + 2 - 2. Let v(w) = 6*w - 3. Let u(h) = -7*c(h) - 6*v(h). Determine u(6).
-9
Suppose 11 = -3*g + 4*g - 4*h, 2*g - h - 15 = 0. Suppose -2*w = -g*w - 25. Let j(i) = i**3 + 5*i**2 + 3*i - 2. Determine j(w).
-17
Let v(s) = -9*s + 11. Let d(g) = -13*g + 13. Let c(p) = -2*d(p) + 3*v(p). Suppose -4*j = -5*o + 24, -2*o - 2*o + j = -28. What is c(o)?
-1
Let l(p) = -8*p + p**2 + 7 - 8 - 10 + 17. 